ose -t + 3 + 0 = 0. Suppose -65 = -5*v + 3*y, 2*y - 20 = -t*v - 0*y. What are the prime factors of v?
2, 5
Let c(j) = -j + 4. What are the prime factors of c(-3)?
7
Suppose -2*b + 194 = -4*k, -2*b - 2*k - 110 = -316. What are the prime factors of b?
101
List the prime factors of (-3 - -3) + (-3)/((-9)/105).
5, 7
Let j(d) = -d**3 - 11*d**2 + d + 14. Let y(a) = -a - 11. Let w be y(0). What are the prime factors of j(w)?
3
Let s = -8 - -12. Let v(k) = -k**2 - k**2 + s*k**2 - 2*k. List the prime factors of v(-2).
2, 3
Suppose 3*y - 10 - 14 = 3*i, 5*i + 10 = 0. Suppose 4*h = m + y, 2*h - 4 = m - 2. What are the prime factors of m?
2
Let f = 8 + -1. Let b(i) = 16*i**2 - 19*i + 45. Let r(s) = 3*s**2 - 4*s + 9. Let n(w) = -2*b(w) + 11*r(w). What are the prime factors of n(f)?
2
Let u = 10 - 4. Suppose 87 = 9*r - u*r. List the prime factors of r.
29
Suppose 3*n = -3*b + 6, -2*n = -2*b - n + 10. Suppose -3*m + b*m = 8. List the prime factors of m.
2
Let q be ((-26)/(-6))/(1/18). Suppose -18 = 3*v - q. What are the prime factors of v?
2, 5
Let c(q) = 2*q**3 + 10*q**2 + 6*q - 1. Let s be c(-6). Let r = 197 + s. Suppose r = 5*m - 3*h, 5*h + 54 = 5*m - 36. List the prime factors of m.
17
Let j(t) = -8*t + 5. Let g(z) = -16*z + 10. Let v(s) = 3*g(s) - 5*j(s). What are the prime factors of v(-2)?
3, 7
Let l(b) = 4*b - 9. What are the prime factors of l(7)?
19
Suppose 0 = -2*d - 3*d + 25. Suppose 2*i + 105 = d*i. What are the prime factors of i?
5, 7
Suppose 2*m = 2*l + 607 - 91, 2*l - 246 = -m. What are the prime factors of m?
2, 127
Let q(k) = k**3 + 5*k**2 + 2*k - 7. Let c(d) = d**2 - d + 1. Let p(l) = -2*c(l) - q(l). Let y be p(-7). Suppose 2*t - y*t = -15. List the prime factors of t.
5
Suppose -6*x + 3*x = -6. Suppose 2*n = -x*n + 12. What are the prime factors of n?
3
Suppose 5*k + 500 = 5*g - 0*k, 0 = -4*g + k + 403. List the prime factors of g.
101
Let o be (2 + (-3)/2)*8. Suppose -3*g + 18 = 4*b - 17, o = 2*b. List the prime factors of g.
3
Let t = -6 - -7. Let u be 1/((0 + t)*-1). What are the prime factors of 2 + (0 + u - -2)?
3
Let a(w) = w**2 - 39. List the prime factors of a(-13).
2, 5, 13
Suppose -2*h + 3*z + 11 = -75, 5*h - 215 = 3*z. What are the prime factors of h?
43
Let y = -59 - -367. List the prime factors of y.
2, 7, 11
Let y(x) = x**3 + 4*x**2 - 2*x + 2. Let o(r) = -r - 8. Let w be o(-4). What are the prime factors of y(w)?
2, 5
Let a(l) = 3*l + 3. Let o be a(-3). Let k = 37 + o. List the prime factors of k/11 - (-10)/55.
3
Let i be 16/3 - (-4)/(-12). Suppose p - i = 4. What are the prime factors of p?
3
Let u = -12 + 38. Suppose -3*i - 15 - u = -4*x, 0 = 5*x - 3*i - 55. What are the prime factors of (-7)/(-2)*8/x?
2
Let h(d) = d**2 - 7*d - 6. Let f be h(8). Let k(n) = n**3 + n - 5. Let l(j) = j - 1. Let b(z) = f*l(z) - k(z). List the prime factors of b(0).
3
What are the prime factors of 1 - (-16)/1 - -3?
2, 5
Suppose -4*a + 33 = -3*n, -2*n - a - 11 = -0*n. Let o(p) = -p**2 - 10*p + 3. List the prime factors of o(n).
2, 3
Let n(m) = -5*m**3 + 4*m**2 - 25*m + 9. Let l(x) = x**3 - x**2 + 6*x - 2. Let f(p) = 9*l(p) + 2*n(p). List the prime factors of f(-3).
2, 3
List the prime factors of (-204)/((-4)/(24/9)).
2, 17
Let n(a) = -a + 1. Let g be n(-4). Suppose 47 = g*c - 23. List the prime factors of c.
2, 7
Suppose 30 = -12*c + 15*c. What are the prime factors of c?
2, 5
Suppose 0 = 3*l + 4*s - 6, -3*l + 6 = -0*s - s. Suppose 0*w - w = l. List the prime factors of w - -2*5 - 2.
2, 3
Let o = -3 + 5. Suppose -k - 2 = -o*k. What are the prime factors of k?
2
Let n(q) = -q**3 - 5*q**2 - 3*q - 5. Let m be n(-5). Suppose 4*h = -2*j + m, 4*j - 3*j - 4*h = -1. Let k = j - -3. List the prime factors of k.
2, 3
Let p = -20 + 45. What are the prime factors of p?
5
Let v(n) = -82*n**3 - n**2 + 3*n + 3. List the prime factors of v(-1).
3
Let r(w) = -w**3 - 3*w**2 + 6*w - 11. What are the prime factors of r(-6)?
61
Suppose -4*w = -2*l + 8, -w + 0 = 5*l - 20. Suppose 5*u + 15 + w = 0. List the prime factors of u*(-2)/4*2.
3
Suppose 0 = -m + 5. Suppose -2*n + n + 2 = -a, -m*n = -a - 22. What are the prime factors of a/(-2)*10/(-3)?
5
Let q(u) = u**2 - u. Let v be q(6). Suppose -3*d = -4*j + 53, 2*d - v - 42 = -5*j. What are the prime factors of j?
2, 7
Suppose 5*a - 382 = -3*s + a, -2*a + 506 = 4*s. List the prime factors of s.
2, 3, 7
Let j(o) = 3*o**3 + o**2 + o - 1. Let x be j(1). Let z = 6 - 2. Suppose w + 5*k - 7 = -x, 31 = z*w + k. What are the prime factors of w?
2
Let d = -5 - -8. Suppose -2*m + 36 = 2*w + 3*w, -d*w = -6. Suppose -5*c + 48 = m. What are the prime factors of c?
7
Suppose 0 = l + l. Let u be (-1 + l)/(5/(-110)). Suppose 4*y - u = 3*q, q + 15 = y + 5*q. List the prime factors of y.
7
List the prime factors of ((-22)/(-6))/((-6)/(-18)).
11
Suppose -3*r + 3 = -2*j + 12, 0 = -2*r - 2. Suppose 5 = -4*h - j. Let z = h + 4. What are the prime factors of z?
2
Let q(p) = -7*p. List the prime factors of q(-10).
2, 5, 7
Let m = 10 - -9. Let x = 47 - m. Suppose 0 = -3*f + 2 + x. List the prime factors of f.
2, 5
What are the prime factors of (-14)/(-8)*(-20)/(-1)?
5, 7
Suppose 3 = 3*h + 21. Let q be h/((-1)/(-1)) - 0. Let z = 2 - q. List the prime factors of z.
2
Let p = 131 - 85. List the prime factors of p.
2, 23
Let w(s) = -2*s - 1. Let r(o) = -4*o - 2. Let g(n) = -6*r(n) + 11*w(n). Let c be g(2). Suppose -2*h + 17 = -c. List the prime factors of h.
11
Suppose 0 = 5*h - 105 - 10. List the prime factors of h.
23
Suppose -6 = 2*d, 4*d = 2*v - 86 - 64. Let t = -37 + v. List the prime factors of 5*(-2 - t/(-10)).
2, 3
Suppose -h - 101 - 867 = -5*q, -5*q + 974 = 2*h. What are the prime factors of q?
2, 97
Suppose 9*n - 10 = 4*n. What are the prime factors of (-2 - -14) + (-1 - n)?
3
Suppose 3*c - 12 = 0, -3*c = -3*j - 5*c + 71. Let h = -45 + j. Let b = -6 - h. What are the prime factors of b?
2, 3
Suppose 2*q = -0*q + 2. Let k(a) = 4*a**3 - a**2 + a. List the prime factors of k(q).
2
Let q = 21 + 12. What are the prime factors of q?
3, 11
Suppose 3724 = 9*p + 10*p. What are the prime factors of p?
2, 7
Let d = -8 - -18. What are the prime factors of d?
2, 5
Let r(y) = -y + 10. Suppose 6 = -6*i + 3*i, -2*v + 16 = -4*i. Let z(a) = -a + 11. Let d(m) = v*z(m) - 5*r(m). What are the prime factors of d(9)?
3
Let j = 2 + 37. List the prime factors of j.
3, 13
Let g(c) = -c**3 - 4*c**2 - 5*c - 4. Let d be g(-3). What are the prime factors of (58/d)/(-4 + 5)?
29
Let c = 155 + -136. What are the prime factors of c?
19
Suppose 2*s + 2 = -2. Let a(o) = o**2 + 2*o + 2. What are the prime factors of a(s)?
2
Let m = 17 + -8. Let b(t) = t**2 - 9*t + 4. Let k be b(m). Suppose -k*r = 2*z - 3*z - 3, 0 = -5*r + 10. What are the prime factors of z?
5
Suppose 24 - 108 = -4*m. List the prime factors of m.
3, 7
Suppose -9 = y - 4*y. Let a = 3 - y. Suppose -19 = -5*x + 3*q + 34, a = -2*x - q + 19. What are the prime factors of x?
2, 5
Suppose -2 = -m - 0. Let t be m/(-3) + 222/9. Suppose -3*z - t = -3*b - 2*b, -5*z - 14 = -4*b. What are the prime factors of b?
2, 3
Suppose 0 = -2*r + 122 + 234. List the prime factors of r.
2, 89
Let m(h) = -2*h - 5. Let i be m(-6). Let g(k) = -3 + 2*k + 2 - 6. List the prime factors of g(i).
7
Let v(z) = -106*z + 2. What are the prime factors of v(-1)?
2, 3
Let l = 16 + -9. Let a = 5 - l. Let o = a + 14. List the prime factors of o.
2, 3
Suppose -f = 3*f - 16. Suppose f + 2 = 3*q. List the prime factors of q.
2
Suppose 4*l = -5*f + 377, l + 181 = 3*l + f. What are the prime factors of l?
2, 11
Suppose w - 5*o + 10 = 0, -3*o - 50 = -3*w - 8*o. Suppose -m - w = -2*y + 1, -y + 5*m + 1 = 0. List the prime factors of 158/18 - y/(-27).
3
Let f(a) = -a**3 + 9*a**2 - 12*a + 5. Let n be f(8). Let s be 30/4*18/n. Let v = 0 - s. List the prime factors of v.
5
Let r = -2 - -11. Let i(l) = -l**2 - l. Let u be i(-2). Let s = u + r. What are the prime factors of s?
7
Let l be 1259/4 - (-5)/20. What are the prime factors of (1/3)/(5/l)?
3, 7
Let m(a) = 7*a - 2*a - 4*a**2 + 3*a**2 + 7 + 0*a**2. Let r be m(7). Let q = -4 - r. List the prime factors of q.
3
Let k be (-6)/(-4)*172/(-6). Let i = k + 65. What are the prime factors of i?
2, 11
Suppose p = -5*h + 12, p - 3*p = -3*h + 2. Let w = h + 7. List the prime factors of w.
3
Let z(n) be the first de